2871.
3, 11, 29
List the prime factors of 296.
2, 37
What are the prime factors of 5092?
2, 19, 67
List the prime factors of 2719.
2719
List the prime factors of 71985.
3, 5, 4799
List the prime factors of 220.
2, 5, 11
List the prime factors of 2833.
2833
List the prime factors of 18703.
59, 317
List the prime factors of 1316.
2, 7, 47
What are the prime factors of 38180?
2, 5, 23, 83
What are the prime factors of 2327?
13, 179
What are the prime factors of 5845?
5, 7, 167
List the prime factors of 7121.
7121
List the prime factors of 9634.
2, 4817
List the prime factors of 26524.
2, 19, 349
List the prime factors of 685.
5, 137
List the prime factors of 190.
2, 5, 19
List the prime factors of 5863.
11, 13, 41
List the prime factors of 1042.
2, 521
List the prime factors of 22128.
2, 3, 461
List the prime factors of 4269.
3, 1423
What are the prime factors of 5933?
17, 349
List the prime factors of 75918.
2, 3, 12653
List the prime factors of 44022.
2, 3, 11, 23, 29
What are the prime factors of 17607?
3, 5869
List the prime factors of 499.
499
List the prime factors of 1013.
1013
List the prime factors of 3739.
3739
What are the prime factors of 132285?
3, 5, 8819
What are the prime factors of 24289?
107, 227
List the prime factors of 96886.
2, 193, 251
What are the prime factors of 12924?
2, 3, 359
What are the prime factors of 5441?
5441
What are the prime factors of 32937?
3, 10979
List the prime factors of 11689.
11689
List the prime factors of 2220.
2, 3, 5, 37
List the prime factors of 1915.
5, 383
What are the prime factors of 243?
3
What are the prime factors of 71240?
2, 5, 13, 137
What are the prime factors of 9342?
2, 3, 173
List the prime factors of 1131.
3, 13, 29
List the prime factors of 1326.
2, 3, 13, 17
What are the prime factors of 2455?
5, 491
What are the prime factors of 7664?
2, 479
What are the prime factors of 102?
2, 3, 17
List the prime factors of 4556.
2, 17, 67
What are the prime factors of 3592?
2, 449
List the prime factors of 3365.
5, 673
List the prime factors of 113724.
2, 3, 13
What are the prime factors of 170?
2, 5, 17
List the prime factors of 120385.
5, 24077
List the prime factors of 15647.
15647
What are the prime factors of 6272?
2, 7
List the prime factors of 10300.
2, 5, 103
List the prime factors of 89085.
3, 5, 5939
What are the prime factors of 5423?
11, 17, 29
List the prime factors of 16757.
13, 1289
List the prime factors of 9354.
2, 3, 1559
List the prime factors of 24360.
2, 3, 5, 7, 29
List the prime factors of 111.
3, 37
What are the prime factors of 134?
2, 67
What are the prime factors of 1397?
11, 127
What are the prime factors of 44237?
31, 1427
List the prime factors of 48778.
2, 29
What are the prime factors of 11075?
5, 443
What are the prime factors of 3158?
2, 1579
What are the prime factors of 54323?
54323
List the prime factors of 2275.
5, 7, 13
What are the prime factors of 763?
7, 109
List the prime factors of 53991.
3, 7, 857
List the prime factors of 4111.
4111
List the prime factors of 1412.
2, 353
List the prime factors of 7766.
2, 11, 353
List the prime factors of 55878.
2, 3, 67, 139
List the prime factors of 17612.
2, 7, 17, 37
What are the prime factors of 2180?
2, 5, 109
What are the prime factors of 1507?
11, 137
List the prime factors of 197.
197
What are the prime factors of 6516?
2, 3, 181
What are the prime factors of 510?
2, 3, 5, 17
What are the prime factors of 33911?
33911
List the prime factors of 5074.
2, 43, 59
List the prime factors of 19499.
17, 31, 37
List the prime factors of 21195.
3, 5, 157
List the prime factors of 11755.
5, 2351
List the prime factors of 5424.
2, 3, 113
List the prime factors of 1513.
17, 89
List the prime factors of 3102.
2, 3, 11, 47
What are the prime factors of 3072?
2, 3
List the prime factors of 4839.
3, 1613
What are the prime factors of 26666?
2, 67, 199
List the prime factors of 13987.
71, 197
List the prime factors of 2934.
2, 3, 163
What are the prime factors of 505?
5, 101
What are the prime factors of 2285?
5, 457
List the prime factors of 114308.
2, 17, 41
List the prime factors of 6414.
2, 3, 1069
What are the prime factors of 2621?
2621
What are the prime factors of 24041?
29, 829
What are the prime factors of 423?
3, 47
List the prime factors of 493.
17, 29
List the prime factors of 21110.
2, 5, 2111
List the prime factors of 51247.
7, 7321
List the prime factors of 2586.
2, 3, 431
What are the prime factors of 1652?
2, 7, 59
What are the prime factors of 6110?
2, 5, 13, 47
List the prime factors of 57724.
2, 14431
What are the prime factors of 125?
5
List the prime factors of 18869.
18869
List the prime factors of 1345.
5, 269
List the prime factors of 818.
2, 409
List the prime factors of 11766.
2, 3, 37, 53
List the prime factors of 1313.
13, 101
List the prime factors of 2655.
3, 5, 59
What are the prime factors of 8479?
61, 139
List the prime factors of 1197.
3, 7, 19
What are the prime factors of 595?
5, 7, 17
What are the prime factors of 830?
2, 5, 83
What are the prime factors of 502?
2, 251
What are the prime factors of 1653?
3, 19, 29
List the prime factors of 18595.
5, 3719
List the prime factors of 46252.
2, 31, 373
What are the prime factors of 4778?
2, 2389
List the prime factors of 1478.
2, 739
What are the prime factors of 935?
5, 11, 17
List the prime factors of 1251.
3, 139
List the prime factors of 38016.
2, 3, 11
What are the prime factors of 31053?
3, 11, 941
What are the prime factors of 3396?
2, 3, 283
What are the prime factors of 20304?
2, 3, 47
List the prime factors of 303.
3, 101
List the prime factors of 1648.
2, 103
What are the prime factors of 8655?
3, 5, 577
List the prime factors of 16.
2
List the prime factors of 13124.
2, 17, 193
List the prime factors of 8581.
8581
What are the prime factors of 13330?
2, 5, 31, 43
List the prime factors of 808.
2, 101
List the prime factors of 15608.
2, 1951
List the prime factors of 2449.
31, 79
List the prime factors of 5949.
3, 661
What are the prime factors of 4200?
2, 3, 5, 7
List the prime factors of 9159.
3, 43, 71
List the prime factors of 1174.
2, 587
What are the prime factors of 7001?
7001
What are the prime factors of 2241?
3, 83
What are the prime factors of 1235?
5, 13, 19
What are the prime factors of 58385?
5, 11677
What are the prime factors of 27824?
2, 37, 47
List the prime factors of 3950.
2, 5, 79
What are the prime factors of 1163?
1163
What are the prime factors of 1137?
3, 379
List the prime factors of 26724.
2, 3, 17, 131
What are the prime factors of 377?
13, 29
What are the prime factors of 2657?
2657
List the prime factors of 144.
2, 3
What are the prime factors of 2972?
2, 743
List the prime factors of 340.
2, 5, 17
What are the prime factors of 1668?
2, 3, 139
List the prime factors of 4557.
3, 7, 31
List the prime factors of 31481.
31481
List the prime factors of 3759.
3, 7, 179
What are the prime factors of 1007?
19, 53
List the prime factors of 26658.
2, 3, 1481
List the prime factors of 22244.
2, 67, 83
What are the prime factors of 90330?
2, 3, 5, 3011
What are the prime factors of 28526?
2, 17, 839
What are the prime factors of 58637?
191, 307
What are the prime factors of 16999?
89, 191
What are the prime factors of 5212?
2, 1303
List the prime factors of 1662.
2, 3, 277
List the prime factors of 83032.
2, 97, 107
List the prime factors of 610.
2, 5, 61
List the prime factors of 52158.
2, 3, 8693
List the prime factors of 2127.
3, 709
What are the prime factors of 12120?
2, 3, 5, 101
List the prime factors of 1062.
2, 3, 59
What are the prime factors of 25090?
2, 5, 13, 193
List the prime factors of 22894.
2, 11447
List the prime factors of 55.
5, 11
List the prime factors of 6717.
3, 2239
List the prime factors of 5974.
2, 29, 103
List the prime factors of 40940.
2, 5, 23, 89
List the prime factors of 22736.
2, 7, 29
List the prime factors of 2259.
3, 251
List the prime factors of 19903.
13, 1531
List the prime factors of 153353.
153353
What are the prime factors of 48347?
13, 3719
List the prime factors of 25708.
2, 6427
What are the prime factors of 608?
2, 19
List the prime factors of 16440.
2, 3, 5, 137
What are the prime factors of 25290?
2, 3, 5, 281
What are the prime factors of 1900?
2, 5, 19
